hat is the greatest common divisor of 7 and d?
7
Suppose -4*p + p - b + 45 = 0, -77 = -5*p - b. Let n = -2 + p. Let g be (-1)/(-3)*n*3. What is the greatest common divisor of g and 112?
14
Suppose 184 = 4*z + 12. Suppose 5*o = 2*o - 93. Let g = z + o. Calculate the greatest common divisor of g and 96.
12
Let a = -4 - 2. Let t = -4 - a. Let v be (18 + -3)*t/6. What is the greatest common divisor of v and 5?
5
Let p(m) = m**3 - m**2 - m. Let u be p(2). Suppose 26 = d - 4*k, u*k - 19 = -4*d + k. Calculate the highest common divisor of 42 and d.
6
Let u(g) = 4*g**2 + 18*g. Let q be u(-5). Suppose 3*t - 10 - 2 = 0. What is the highest common divisor of t and q?
2
Let t(z) = -z**2 - 9*z + 1. Let y be t(-7). Suppose 4*u + g - 75 - 60 = 0, u + 4*g - y = 0. Calculate the highest common factor of 5 and u.
5
Suppose 0 = 7*c - 0*c - 196. Calculate the highest common divisor of c and 8.
4
Let b be (24/(-20))/((-6)/440). Let g = -25 + b. Let k(v) = 8*v**2 - v. Let u be k(-1). What is the greatest common divisor of u and g?
9
Let s(b) = -b**3 + 2*b**2 + b - 1. Let l be s(1). Let q be 48/3 - (1 - l). What is the greatest common factor of q and 2?
2
Suppose i = -2*v + 74, -3*i + 4*v + 228 = -44. Let k be ((-72)/(-21))/((-12)/(-42)). Calculate the highest common factor of i and k.
12
Let i(n) = -n - 7. Let w be i(-4). Let d = 11 + w. Calculate the highest common factor of 16 and d.
8
Let i = 146 + -92. Suppose -3*z - z + 3*j = -182, -5*j = -z + i. What is the highest common divisor of 66 and z?
22
Suppose 4 - 46 = -3*n. Suppose 0 = -t - t + n. What is the greatest common factor of t and 77?
7
Suppose 0*l - 268 = -o - 5*l, -5*o = 2*l - 1432. What is the highest common divisor of o and 32?
32
Suppose -2*y + 320 = 2*y. Suppose 4 = -r + 5. Let a be 34 - 1 - (2 - r). What is the highest common factor of a and y?
16
Suppose 4*i - 3 = -4*n + 1, -5*i - 2*n = -11. Suppose -x + i*a + 13 = 0, 5*a - 10 - 10 = 0. What is the highest common divisor of 275 and x?
25
Let t(z) be the first derivative of -7*z**2/2 - 4*z + 4. Let k be t(-4). Calculate the greatest common factor of k and 8.
8
Suppose 3*g = 50 - 35. What is the highest common divisor of g and 55?
5
Suppose 0 = 5*b - 4*s + 8, -b - s + 2 = -4*b. Suppose -2*a - 2*a + 80 = b. Let j be ((-10)/8)/((-2)/16). What is the highest common factor of j and a?
10
Let l be ((-24)/(-9))/(2/18). What is the highest common factor of 264 and l?
24
Suppose 404 = 4*d + 4*p, -3*d = -2*d + 4*p - 116. Suppose -2*a = -29 + 5. What is the highest common divisor of d and a?
12
Suppose 0 = -4*a + 2*a + 34. Calculate the highest common factor of 68 and a.
17
Let f be (102/(-21) - 2)*(-21)/3. Calculate the greatest common factor of f and 72.
24
Let i be 5 + (-2)/((-2)/(-3)). Suppose -3*a + 5 = -i*a. What is the greatest common divisor of 45 and a?
5
Let f(i) = i**3 + 8*i**2 - 6*i - 6. Let b be f(-8). Suppose 11*m - 72 = -m. Calculate the greatest common divisor of b and m.
6
Suppose -u + 4 = 2. Suppose 17 + 10 = 3*w + u*t, -2*w - t + 17 = 0. Calculate the greatest common factor of 28 and w.
7
Suppose 3*y = y + 8. Let k be y + 1 + (-1)/(-1). What is the highest common factor of k and 6?
6
Let b = -550 - -1150. Suppose -3*w = 2*w - b. Calculate the greatest common factor of 15 and w.
15
Suppose x - 5*u = -7, -4*x = -u - 5 - 5. Let p(r) = 1 + x - 18*r - 4 + 1. Let w be p(-1). Calculate the highest common divisor of w and 57.
19
Suppose 3*n = x - 8, 3*n + 3*x + 32 = -2*x. Let f be (-1 - 1)/((-6)/9). Let q = f - n. What is the highest common divisor of 35 and q?
7
Let d be 2/(3 + 226/(-76)). Suppose -2*o = -6*o + 5*i + d, 5*i - 44 = -o. What is the highest common factor of 16 and o?
8
Let s = 128 + -126. Let o be ((-15)/(-1))/(6/4). Calculate the highest common divisor of o and s.
2
Suppose -7*u + 5*u + 64 = 0. What is the greatest common divisor of 16 and u?
16
Suppose 3*o - 104 = 2*s - 296, 4*s = -5*o + 384. Calculate the greatest common factor of s and 72.
24
Let p be (0/(-1))/((-4)/2). Let k(h) = p*h + 0*h + 2*h. Let g be k(3). What is the greatest common factor of 54 and g?
6
Let d be (-45)/(-2)*(-2 - (-28)/10). What is the highest common divisor of d and 1?
1
Let f(i) be the first derivative of -6*i**2 - 4*i - 2. Let h be f(-5). Calculate the greatest common factor of h and 14.
14
Suppose 3*a + 100 = 340. Let p(l) = -8*l - 1. Let x be p(-1). Suppose -x = -h + 3. What is the greatest common divisor of h and a?
10
Let d = -352 + 138. Let t be (-3)/(-12) - d/8. What is the highest common divisor of t and 18?
9
Let b = 20 + 0. Let v(u) = -u**3 + 5*u**2 + 19*u - 15. Let l be v(7). Calculate the highest common divisor of l and b.
20
Let v = -8 + 16. What is the highest common factor of 32 and v?
8
Let a be (-2)/7 + 3860/35. Suppose 74 = t - a. Let v = t + -109. What is the greatest common factor of 25 and v?
25
Suppose 4*b - 35 - 21 = 0. Let i = 124 - 103. Calculate the highest common factor of b and i.
7
Let o = 91 + 107. What is the highest common divisor of o and 22?
22
Suppose 713*g = 723*g - 70. Let u(r) = r - 2. Let b be u(3). Let f = 2 - b. What is the greatest common divisor of g and f?
1
Let o(i) = i**3 + 8*i**2 - 10*i + 1. Let l be o(-9). Let w = 228 + -148. Calculate the highest common divisor of l and w.
10
Let a = 6 + 4. What is the greatest common factor of 70 and a?
10
Let i(q) = -q + 2. Let u be i(2). Suppose u = 5*z + 3*d - 215, -z + 4*d + 2 = -18. What is the highest common factor of 60 and z?
20
Let h be (-1 - 2)*(-4)/3. Let g be h/(-8) - 14/(-4). Let o = g - -2. What is the highest common divisor of o and 45?
5
Suppose -l + 5*v - 95 = -2*l, -2*v = -l + 109. Calculate the highest common factor of 15 and l.
15
Let h(t) be the second derivative of -t**3/2 + t. Let i = -33 - -30. Let u be h(i). Calculate the highest common divisor of 99 and u.
9
Suppose 3*o - 102 = -2*k, 0 = -5*k + 2*k + o + 142. Let d = 108 - k. What is the highest common factor of d and 24?
12
Let m be (-2)/3*36/(-2). Let z be 924/10 + 2/(-5). Let u be z/m - (-1)/3. What is the highest common factor of u and 8?
8
Let g = -21 + 5. Let w be (-18)/(-4)*g/(-12). Let l be (w*-7)/(-2) + 0. What is the greatest common factor of 14 and l?
7
Suppose -6*m + m = 4*j - 250, -2*j = 3*m - 152. Suppose -3*n + 0*x = -3*x - 123, 0 = 4*n - 2*x - 154. What is the greatest common factor of m and n?
18
Let b be ((-12)/(-10))/((-6)/(-20)). Suppose 0 = -b*s + 12 - 0. What is the greatest common factor of s and 2?
1
Let x = 7 - -12. What is the highest common factor of x and 38?
19
Let d be 1*(3 + (-9)/3). Suppose 2*x + 4 = d, -2*q - 3*x = -6*q + 226. Calculate the highest common divisor of q and 5.
5
Let s = 110 + -104. Calculate the highest common divisor of s and 18.
6
Let o = 5 + -5. Suppose o = -k - 4*k + 75. Suppose -5*g = -k - 50. What is the highest common divisor of 26 and g?
13
Let c be 50/20*8/5. Suppose 0 = -m + 125 - 19. Suppose 0 = c*u + 2*k - 0*k - m, -3*k = -u + 9. What is the greatest common factor of u and 3?
3
Let n be 0 - 0 - 5*3. Suppose -3*i = 3*v + 9 - 0, -5*v = -4*i - 39. Let p = i - n. What is the highest common divisor of p and 9?
9
Let d be (-12)/(-18) - 4/6. Let i = d + 7. What is the highest common factor of i and 7?
7
Suppose 128 - 32 = 16*d. Suppose -4*g + 14 = -2*s, 5*g + 2*s - 32 = 8. Calculate the highest common divisor of d and g.
6
Suppose 2*l - l + 5*r = 7, -5*r = 3*l - 11. Suppose -u + 74 = 5*c - 4, 3*u = l*c - 38. Calculate the greatest common factor of c and 64.
16
Suppose -3*t + 2*x + 3*x + 338 = 0, 5*t = 4*x + 572. Let d = 251 - t. Let a = -117 + 132. Calculate the highest common divisor of a and d.
15
Suppose -13*u = -8*u - 200. What is the greatest common divisor of 100 and u?
20
Let r = 16 + 4. Let l = -169 + 281. Suppose 4*a - 92 = -w + l, 0 = -3*a - 12. What is the highest common factor of r and w?
20
Let x be 92 + (1 + (-6)/3)*-3. What is the greatest common factor of x and 38?
19
Let z be (-1 - (-1)/2)*-8. Let q = z + 0. Let n be 1/(-2)*(0 - q). What is the highest common factor of n and 14?
2
Suppose 0 = t + 4 + 2. Let n be (t/4)/(1/(-24)). Suppose 7*w = 2*w + 120. What is the highest common divisor of w and n?
12
Let r = -5 - -16. What is the highest common divisor of r and 55?
11
Let i(k) = k**3 + 5*k**2 + 2*k - 6. Let s be i(-2). C